{"id":2,"date":"2025-10-22T08:35:31","date_gmt":"2025-10-22T06:35:31","guid":{"rendered":"https:\/\/globalelectricsarl.com\/?page_id=2"},"modified":"2025-10-24T11:40:17","modified_gmt":"2025-10-24T09:40:17","slug":"page-d-exemple","status":"publish","type":"page","link":"https:\/\/globalelectricsarl.com\/","title":{"rendered":"Accueil"},"content":{"rendered":"<p><div class=\"fusion-fullwidth fullwidth-box fusion-builder-row-1 fusion-flex-container has-pattern-background has-mask-background nonhundred-percent-fullwidth non-hundred-percent-height-scrolling\" style=\"--awb-border-radius-top-left:0px;--awb-border-radius-top-right:0px;--awb-border-radius-bottom-right:0px;--awb-border-radius-bottom-left:0px;--awb-padding-top:3%;--awb-padding-bottom:3%;--awb-flex-wrap:wrap;\" ><div class=\"awb-background-mask\" style=\"background-image:  url(data:image\/svg+xml;utf8,%3Csvg%20width%3D%221920%22%20height%3D%22954%22%20fill%3D%22none%22%20xmlns%3D%22http%3A%2F%2Fwww.w3.org%2F2000%2Fsvg%22%3E%3Cpath%20fill-rule%3D%22evenodd%22%20clip-rule%3D%22evenodd%22%20d%3D%22M904.977%200H0v954h807.883l581.057-580.912.16-.153c117.27-117.238%20307.32-117.316%20424.49-.174%20117.17%20117.143%20117.09%20307.146-.17%20424.384L1656.52%20954H1920V0h-166.39l-580.96%20580.813c-117.27%20117.239-307.318%20117.317-424.491.174-117.172-117.142-117.094-307.145.174-424.383L904.977%200z%22%20fill%3D%22rgba%28242%2C243%2C245%2C1%29%22%2F%3E%3C%2Fsvg%3E);opacity: 1 ;transform: scale(1, 1);mix-blend-mode:normal;\"><\/div><div class=\"fusion-builder-row fusion-row fusion-flex-align-items-flex-start fusion-flex-content-wrap\" style=\"max-width:1248px;margin-left: calc(-4% \/ 2 );margin-right: calc(-4% \/ 2 );\"><div class=\"fusion-layout-column fusion_builder_column fusion-builder-column-0 fusion_builder_column_1_2 1_2 fusion-flex-column fusion-flex-align-self-center\" style=\"--awb-bg-size:cover;--awb-width-large:50%;--awb-margin-top-large:0px;--awb-spacing-right-large:3.84%;--awb-margin-bottom-large:0px;--awb-spacing-left-large:3.84%;--awb-width-medium:50%;--awb-order-medium:0;--awb-spacing-right-medium:3.84%;--awb-spacing-left-medium:3.84%;--awb-width-small:100%;--awb-order-small:0;--awb-spacing-right-small:1.92%;--awb-spacing-left-small:1.92%;\" data-scroll-devices=\"small-visibility,medium-visibility,large-visibility\"><div class=\"fusion-column-wrapper fusion-column-has-shadow fusion-flex-justify-content-center fusion-content-layout-column\"><div class=\"fusion-title title fusion-title-1 fusion-sep-none fusion-title-text fusion-title-size-two\"><h2 class=\"fusion-title-heading title-heading-left\" style=\"margin:0;\"><strong data-start=\"390\" data-end=\"429\">Bienvenue chez <span style=\"color: #235e98;\">Global Electric SARL<\/span><\/strong><\/h2><\/div><div class=\"fusion-text fusion-text-1\"><p data-start=\"390\" data-end=\"522\">Votre partenaire de confiance pour vos projets \u00e9lectriques, \u00e9nerg\u00e9tiques et technologiques.<\/p>\n<p data-start=\"527\" data-end=\"737\">Depuis sa cr\u00e9ation, <strong data-start=\"547\" data-end=\"571\">Global Electric SARL<\/strong> s\u2019engage \u00e0 offrir \u00e0 ses clients des solutions globales, performantes et durables, alliant <strong data-start=\"662\" data-end=\"734\">\u00e9lectricit\u00e9, \u00e9nergie, s\u00e9curit\u00e9, connectivit\u00e9 et innovation num\u00e9rique<\/strong>.<\/p>\n<\/div><\/div><\/div><div class=\"fusion-layout-column fusion_builder_column fusion-builder-column-1 fusion_builder_column_1_2 1_2 fusion-flex-column fusion-flex-align-self-stretch\" style=\"--awb-bg-image:url(&#039;https:\/\/globalelectricsarl.com\/wp-content\/uploads\/2025\/10\/gestionnaire-en-tenue-de-ville.jpg&#039;);--awb-bg-size:cover;--awb-width-large:50%;--awb-margin-top-large:0px;--awb-spacing-right-large:3.84%;--awb-margin-bottom-large:0px;--awb-spacing-left-large:0%;--awb-width-medium:50%;--awb-order-medium:0;--awb-spacing-right-medium:3.84%;--awb-spacing-left-medium:0%;--awb-width-small:100%;--awb-order-small:0;--awb-spacing-right-small:1.92%;--awb-spacing-left-small:1.92%;\"><div class=\"fusion-column-wrapper fusion-column-has-shadow fusion-flex-justify-content-flex-start fusion-content-layout-column fusion-empty-column-bg-image fusion-column-has-bg-image\" data-bg-url=\"https:\/\/globalelectricsarl.com\/wp-content\/uploads\/2025\/10\/gestionnaire-en-tenue-de-ville.jpg\"><img decoding=\"async\" class=\"fusion-empty-dims-img-placeholder\" aria-label=\"Manager in business attire\" src=\"data:image\/svg+xml,%3Csvg%20xmlns%3D%27http%3A%2F%2Fwww.w3.org%2F2000%2Fsvg%27%20width%3D%27900%27%20height%3D%27600%27%20viewBox%3D%270%200%20900%20600%27%3E%3Crect%20width%3D%27900%27%20height%3D%27600%27%20fill-opacity%3D%220%22%2F%3E%3C%2Fsvg%3E\"><\/div><\/div><\/div><\/div><div class=\"fusion-fullwidth fullwidth-box fusion-builder-row-2 fusion-flex-container nonhundred-percent-fullwidth non-hundred-percent-height-scrolling\" style=\"--awb-border-radius-top-left:0px;--awb-border-radius-top-right:0px;--awb-border-radius-bottom-right:0px;--awb-border-radius-bottom-left:0px;--awb-flex-wrap:wrap;\" ><div class=\"fusion-builder-row fusion-row fusion-flex-align-items-flex-start fusion-flex-content-wrap\" style=\"max-width:1248px;margin-left: calc(-4% \/ 2 );margin-right: calc(-4% \/ 2 );\"><div class=\"fusion-layout-column fusion_builder_column fusion-builder-column-2 fusion_builder_column_1_1 1_1 fusion-flex-column\" style=\"--awb-bg-blend:overlay;--awb-bg-size:cover;--awb-width-large:100%;--awb-margin-top-large:0px;--awb-spacing-right-large:1.92%;--awb-margin-bottom-large:0px;--awb-spacing-left-large:1.92%;--awb-width-medium:100%;--awb-spacing-right-medium:1.92%;--awb-spacing-left-medium:1.92%;--awb-width-small:100%;--awb-spacing-right-small:1.92%;--awb-spacing-left-small:1.92%;\"><div class=\"fusion-column-wrapper fusion-flex-justify-content-flex-start fusion-content-layout-column\"><div class=\"fusion-title title fusion-title-2 fusion-sep-none fusion-title-center fusion-title-text fusion-title-size-three\" style=\"--awb-text-color:var(--awb-color4);--awb-margin-top:70px;--awb-margin-right:50px;--awb-margin-bottom:50px;--awb-margin-left:50px;\"><h3 class=\"fusion-title-heading title-heading-center\" style=\"margin:0;\">\u00c0 travers ce&nbsp;<strong data-start=\"1093\" data-end=\"1106\">catalogue<\/strong>, nous vous pr\u00e9sentons une gamme compl\u00e8te de produits et services con\u00e7us pour r\u00e9pondre \u00e0 vos besoins<\/h3><\/div><div class=\"fusion-text fusion-text-2\"><div class=\"woocommerce columns-4\"><ul class=\"products clearfix products-4\">\n<li class=\"product-category product first product-grid-view\">\n\t<div class=\"fusion-product-wrapper\">\n<a aria-label=\"Acc\u00e9der \u00e0 la cat\u00e9gorie de produits Batteries \u00e9tanches\" href=\"https:\/\/globalelectricsarl.com\/?product_cat=batteries-etanches\"><img decoding=\"async\" src=\"https:\/\/globalelectricsarl.com\/wp-content\/uploads\/2025\/10\/batterieondul-500x500.jpg\" alt=\"Batteries \u00e9tanches\" width=\"500\" height=\"\" srcset=\"https:\/\/globalelectricsarl.com\/wp-content\/uploads\/2025\/10\/batterieondul-66x66.jpg 66w, https:\/\/globalelectricsarl.com\/wp-content\/uploads\/2025\/10\/batterieondul-150x150.jpg 150w, https:\/\/globalelectricsarl.com\/wp-content\/uploads\/2025\/10\/batterieondul-200x200.jpg 200w, https:\/\/globalelectricsarl.com\/wp-content\/uploads\/2025\/10\/batterieondul-300x300.jpg 300w, https:\/\/globalelectricsarl.com\/wp-content\/uploads\/2025\/10\/batterieondul-400x400.jpg 400w, https:\/\/globalelectricsarl.com\/wp-content\/uploads\/2025\/10\/batterieondul-500x500.jpg 500w, https:\/\/globalelectricsarl.com\/wp-content\/uploads\/2025\/10\/batterieondul-600x600.jpg 600w, https:\/\/globalelectricsarl.com\/wp-content\/uploads\/2025\/10\/batterieondul-700x700.jpg 700w, https:\/\/globalelectricsarl.com\/wp-content\/uploads\/2025\/10\/batterieondul-768x768.jpg 768w, https:\/\/globalelectricsarl.com\/wp-content\/uploads\/2025\/10\/batterieondul-800x800.jpg 800w, https:\/\/globalelectricsarl.com\/wp-content\/uploads\/2025\/10\/batterieondul.jpg 1024w\" sizes=\"(max-width: 500px) 100vw, 500px\" \/>\t\t<h2 class=\"woocommerce-loop-category__title\">\n\t\t\tBatteries \u00e9tanches <mark class=\"count\">(6)<\/mark>\t\t<\/h2>\n\t\t<div class=\"cat-description\" style=\"margin-top:8px;font-size:14px;color:#555;\">Choisissez nos batteries \u00e9tanches et batteries d\u2019onduleur pour une alimentation fiable et durable. R\u00e9sistantes, sans entretien et \u00e0 haut rendement, elles garantissent une performance optimale pour vos installations \u00e9lectriques et syst\u00e8mes de secours<\/div><\/a><\/div>\n<\/li>\n<li class=\"product-category product product-grid-view\">\n\t<div class=\"fusion-product-wrapper\">\n<a aria-label=\"Acc\u00e9der \u00e0 la cat\u00e9gorie de produits Contr\u00f4les d\u2019acc\u00e8s\" href=\"https:\/\/globalelectricsarl.com\/?product_cat=controles-dacces\"><img decoding=\"async\" src=\"https:\/\/globalelectricsarl.com\/wp-content\/uploads\/2025\/10\/controleacces-500x500.jpg\" alt=\"Contr\u00f4les d\u2019acc\u00e8s\" width=\"500\" height=\"\" srcset=\"https:\/\/globalelectricsarl.com\/wp-content\/uploads\/2025\/10\/controleacces-66x66.jpg 66w, https:\/\/globalelectricsarl.com\/wp-content\/uploads\/2025\/10\/controleacces-150x150.jpg 150w, https:\/\/globalelectricsarl.com\/wp-content\/uploads\/2025\/10\/controleacces-200x200.jpg 200w, https:\/\/globalelectricsarl.com\/wp-content\/uploads\/2025\/10\/controleacces-300x300.jpg 300w, https:\/\/globalelectricsarl.com\/wp-content\/uploads\/2025\/10\/controleacces-400x400.jpg 400w, https:\/\/globalelectricsarl.com\/wp-content\/uploads\/2025\/10\/controleacces-500x500.jpg 500w, https:\/\/globalelectricsarl.com\/wp-content\/uploads\/2025\/10\/controleacces-600x600.jpg 600w, https:\/\/globalelectricsarl.com\/wp-content\/uploads\/2025\/10\/controleacces-700x700.jpg 700w, https:\/\/globalelectricsarl.com\/wp-content\/uploads\/2025\/10\/controleacces-768x768.jpg 768w, https:\/\/globalelectricsarl.com\/wp-content\/uploads\/2025\/10\/controleacces-800x800.jpg 800w, https:\/\/globalelectricsarl.com\/wp-content\/uploads\/2025\/10\/controleacces.jpg 1024w\" sizes=\"(max-width: 500px) 100vw, 500px\" \/>\t\t<h2 class=\"woocommerce-loop-category__title\">\n\t\t\tContr\u00f4les d\u2019acc\u00e8s <mark class=\"count\">(5)<\/mark>\t\t<\/h2>\n\t\t<div class=\"cat-description\" style=\"margin-top:8px;font-size:14px;color:#555;\">S\u00e9curisez vos b\u00e2timents avec nos syst\u00e8mes de contr\u00f4le d\u2019acc\u00e8s modernes : badges, claviers, et lecteurs biom\u00e9triques. Des solutions fiables pour une gestion pr\u00e9cise des entr\u00e9es et sorties, adapt\u00e9es aux entreprises, immeubles et sites sensibles.<\/div><\/a><\/div>\n<\/li>\n<li class=\"product-category product product-grid-view\">\n\t<div class=\"fusion-product-wrapper\">\n<a aria-label=\"Acc\u00e9der \u00e0 la cat\u00e9gorie de produits D\u00e9tection d\u2019incendie\" href=\"https:\/\/globalelectricsarl.com\/?product_cat=detection-dincendie\"><img decoding=\"async\" src=\"https:\/\/globalelectricsarl.com\/wp-content\/uploads\/2025\/10\/detectionincendie-500x500.jpg\" alt=\"D\u00e9tection d\u2019incendie\" width=\"500\" height=\"\" srcset=\"https:\/\/globalelectricsarl.com\/wp-content\/uploads\/2025\/10\/detectionincendie-66x66.jpg 66w, https:\/\/globalelectricsarl.com\/wp-content\/uploads\/2025\/10\/detectionincendie-150x150.jpg 150w, https:\/\/globalelectricsarl.com\/wp-content\/uploads\/2025\/10\/detectionincendie-200x200.jpg 200w, https:\/\/globalelectricsarl.com\/wp-content\/uploads\/2025\/10\/detectionincendie-300x300.jpg 300w, https:\/\/globalelectricsarl.com\/wp-content\/uploads\/2025\/10\/detectionincendie-400x400.jpg 400w, https:\/\/globalelectricsarl.com\/wp-content\/uploads\/2025\/10\/detectionincendie-500x500.jpg 500w, https:\/\/globalelectricsarl.com\/wp-content\/uploads\/2025\/10\/detectionincendie-600x600.jpg 600w, https:\/\/globalelectricsarl.com\/wp-content\/uploads\/2025\/10\/detectionincendie-700x700.jpg 700w, https:\/\/globalelectricsarl.com\/wp-content\/uploads\/2025\/10\/detectionincendie-768x768.jpg 768w, https:\/\/globalelectricsarl.com\/wp-content\/uploads\/2025\/10\/detectionincendie-800x800.jpg 800w, https:\/\/globalelectricsarl.com\/wp-content\/uploads\/2025\/10\/detectionincendie.jpg 1024w\" sizes=\"(max-width: 500px) 100vw, 500px\" \/>\t\t<h2 class=\"woocommerce-loop-category__title\">\n\t\t\tD\u00e9tection d\u2019incendie <mark class=\"count\">(4)<\/mark>\t\t<\/h2>\n\t\t<div class=\"cat-description\" style=\"margin-top:8px;font-size:14px;color:#555;\">Pr\u00e9venez les risques d\u2019incendie gr\u00e2ce \u00e0 nos syst\u00e8mes de d\u00e9tection performants. D\u00e9tecteurs de fum\u00e9e, chaleur et gaz assurent une surveillance fiable et une alerte rapide pour prot\u00e9ger vos b\u00e2timents et vos occupants.<\/div><\/a><\/div>\n<\/li>\n<li class=\"product-category product last product-grid-view\">\n\t<div class=\"fusion-product-wrapper\">\n<a aria-label=\"Acc\u00e9der \u00e0 la cat\u00e9gorie de produits Divers\" href=\"https:\/\/globalelectricsarl.com\/?product_cat=divers\"><img decoding=\"async\" src=\"https:\/\/globalelectricsarl.com\/wp-content\/uploads\/woocommerce-placeholder-500x500.webp\" alt=\"Divers\" width=\"500\" height=\"\" \/>\t\t<h2 class=\"woocommerce-loop-category__title\">\n\t\t\tDivers <mark class=\"count\">(9)<\/mark>\t\t<\/h2>\n\t\t<\/a><\/div>\n<\/li>\n<li class=\"product-category product first product-grid-view\">\n\t<div class=\"fusion-product-wrapper\">\n<a aria-label=\"Acc\u00e9der \u00e0 la cat\u00e9gorie de produits Faux planchers\" href=\"https:\/\/globalelectricsarl.com\/?product_cat=faux-planchers\"><img decoding=\"async\" src=\"https:\/\/globalelectricsarl.com\/wp-content\/uploads\/2025\/10\/fauxplancher-500x500.jpg\" alt=\"Faux planchers\" width=\"500\" height=\"\" srcset=\"https:\/\/globalelectricsarl.com\/wp-content\/uploads\/2025\/10\/fauxplancher-66x66.jpg 66w, https:\/\/globalelectricsarl.com\/wp-content\/uploads\/2025\/10\/fauxplancher-150x150.jpg 150w, https:\/\/globalelectricsarl.com\/wp-content\/uploads\/2025\/10\/fauxplancher-200x200.jpg 200w, https:\/\/globalelectricsarl.com\/wp-content\/uploads\/2025\/10\/fauxplancher-300x300.jpg 300w, https:\/\/globalelectricsarl.com\/wp-content\/uploads\/2025\/10\/fauxplancher-400x400.jpg 400w, https:\/\/globalelectricsarl.com\/wp-content\/uploads\/2025\/10\/fauxplancher-500x500.jpg 500w, https:\/\/globalelectricsarl.com\/wp-content\/uploads\/2025\/10\/fauxplancher-600x600.jpg 600w, https:\/\/globalelectricsarl.com\/wp-content\/uploads\/2025\/10\/fauxplancher-700x700.jpg 700w, https:\/\/globalelectricsarl.com\/wp-content\/uploads\/2025\/10\/fauxplancher-768x768.jpg 768w, https:\/\/globalelectricsarl.com\/wp-content\/uploads\/2025\/10\/fauxplancher-800x800.jpg 800w, https:\/\/globalelectricsarl.com\/wp-content\/uploads\/2025\/10\/fauxplancher.jpg 1024w\" sizes=\"(max-width: 500px) 100vw, 500px\" \/>\t\t<h2 class=\"woocommerce-loop-category__title\">\n\t\t\tFaux planchers <mark class=\"count\">(1)<\/mark>\t\t<\/h2>\n\t\t<div class=\"cat-description\" style=\"margin-top:8px;font-size:14px;color:#555;\">Optimisez vos espaces techniques avec nos faux planchers modulaires. Solides et esth\u00e9tiques, ils facilitent la gestion des c\u00e2bles, r\u00e9seaux et syst\u00e8mes de climatisation tout en assurant accessibilit\u00e9, s\u00e9curit\u00e9 et design moderne pour vos environnements professionnels.<\/div><\/a><\/div>\n<\/li>\n<li class=\"product-category product product-grid-view\">\n\t<div class=\"fusion-product-wrapper\">\n<a aria-label=\"Acc\u00e9der \u00e0 la cat\u00e9gorie de produits Fibre optique et accessoires\" href=\"https:\/\/globalelectricsarl.com\/?product_cat=fibre-optique-et-accessoires\"><img decoding=\"async\" src=\"https:\/\/globalelectricsarl.com\/wp-content\/uploads\/2025\/10\/fibreoptique-500x500.jpg\" alt=\"Fibre optique et accessoires\" width=\"500\" height=\"\" srcset=\"https:\/\/globalelectricsarl.com\/wp-content\/uploads\/2025\/10\/fibreoptique-66x66.jpg 66w, https:\/\/globalelectricsarl.com\/wp-content\/uploads\/2025\/10\/fibreoptique-150x150.jpg 150w, https:\/\/globalelectricsarl.com\/wp-content\/uploads\/2025\/10\/fibreoptique-200x200.jpg 200w, https:\/\/globalelectricsarl.com\/wp-content\/uploads\/2025\/10\/fibreoptique-300x300.jpg 300w, https:\/\/globalelectricsarl.com\/wp-content\/uploads\/2025\/10\/fibreoptique-400x400.jpg 400w, https:\/\/globalelectricsarl.com\/wp-content\/uploads\/2025\/10\/fibreoptique-500x500.jpg 500w, https:\/\/globalelectricsarl.com\/wp-content\/uploads\/2025\/10\/fibreoptique-600x600.jpg 600w, https:\/\/globalelectricsarl.com\/wp-content\/uploads\/2025\/10\/fibreoptique-700x700.jpg 700w, https:\/\/globalelectricsarl.com\/wp-content\/uploads\/2025\/10\/fibreoptique-768x768.jpg 768w, https:\/\/globalelectricsarl.com\/wp-content\/uploads\/2025\/10\/fibreoptique-800x800.jpg 800w, https:\/\/globalelectricsarl.com\/wp-content\/uploads\/2025\/10\/fibreoptique.jpg 1024w\" sizes=\"(max-width: 500px) 100vw, 500px\" \/>\t\t<h2 class=\"woocommerce-loop-category__title\">\n\t\t\tFibre optique et accessoires <mark class=\"count\">(1)<\/mark>\t\t<\/h2>\n\t\t<div class=\"cat-description\" style=\"margin-top:8px;font-size:14px;color:#555;\">B\u00e9n\u00e9ficiez d\u2019une connectivit\u00e9 rapide et fiable avec nos solutions fibre optique : c\u00e2bles, connecteurs et accessoires de raccordement. Id\u00e9als pour r\u00e9seaux professionnels, t\u00e9l\u00e9coms et datacenters, ils assurent performance, stabilit\u00e9 et haute capacit\u00e9 de transmission.<\/div><\/a><\/div>\n<\/li>\n<li class=\"product-category product product-grid-view\">\n\t<div class=\"fusion-product-wrapper\">\n<a aria-label=\"Acc\u00e9der \u00e0 la cat\u00e9gorie de produits Groupes \u00e9lectrog\u00e8nes\" href=\"https:\/\/globalelectricsarl.com\/?product_cat=groupes-electrogenes\"><img decoding=\"async\" src=\"https:\/\/globalelectricsarl.com\/wp-content\/uploads\/2025\/10\/goupeelectogenes-500x500.jpg\" alt=\"Groupes \u00e9lectrog\u00e8nes\" width=\"500\" height=\"\" srcset=\"https:\/\/globalelectricsarl.com\/wp-content\/uploads\/2025\/10\/goupeelectogenes-66x66.jpg 66w, https:\/\/globalelectricsarl.com\/wp-content\/uploads\/2025\/10\/goupeelectogenes-150x150.jpg 150w, https:\/\/globalelectricsarl.com\/wp-content\/uploads\/2025\/10\/goupeelectogenes-200x200.jpg 200w, https:\/\/globalelectricsarl.com\/wp-content\/uploads\/2025\/10\/goupeelectogenes-300x300.jpg 300w, https:\/\/globalelectricsarl.com\/wp-content\/uploads\/2025\/10\/goupeelectogenes-400x400.jpg 400w, https:\/\/globalelectricsarl.com\/wp-content\/uploads\/2025\/10\/goupeelectogenes-500x500.jpg 500w, https:\/\/globalelectricsarl.com\/wp-content\/uploads\/2025\/10\/goupeelectogenes-600x600.jpg 600w, https:\/\/globalelectricsarl.com\/wp-content\/uploads\/2025\/10\/goupeelectogenes-700x700.jpg 700w, https:\/\/globalelectricsarl.com\/wp-content\/uploads\/2025\/10\/goupeelectogenes-768x768.jpg 768w, https:\/\/globalelectricsarl.com\/wp-content\/uploads\/2025\/10\/goupeelectogenes-800x800.jpg 800w, https:\/\/globalelectricsarl.com\/wp-content\/uploads\/2025\/10\/goupeelectogenes.jpg 1024w\" sizes=\"(max-width: 500px) 100vw, 500px\" \/>\t\t<h2 class=\"woocommerce-loop-category__title\">\n\t\t\tGroupes \u00e9lectrog\u00e8nes <mark class=\"count\">(2)<\/mark>\t\t<\/h2>\n\t\t<div class=\"cat-description\" style=\"margin-top:8px;font-size:14px;color:#555;\">Assurez une alimentation fiable et continue gr\u00e2ce \u00e0 nos groupes \u00e9lectrog\u00e8nes performants. Con\u00e7us pour les besoins r\u00e9sidentiels et industriels, ils garantissent puissance, efficacit\u00e9 et s\u00e9curit\u00e9 lors des coupures ou en zones \u00e0 alimentation instable.<\/div><\/a><\/div>\n<\/li>\n<li class=\"product-category product last product-grid-view\">\n\t<div class=\"fusion-product-wrapper\">\n<a aria-label=\"Acc\u00e9der \u00e0 la cat\u00e9gorie de produits Mat\u00e9riel de c\u00e2blage r\u00e9seau informatique\" href=\"https:\/\/globalelectricsarl.com\/?product_cat=materiel-de-cablage-reseau-informatique\"><img decoding=\"async\" src=\"https:\/\/globalelectricsarl.com\/wp-content\/uploads\/2025\/10\/cabalgereseau-500x500.jpg\" alt=\"Mat\u00e9riel de c\u00e2blage r\u00e9seau informatique\" width=\"500\" height=\"\" srcset=\"https:\/\/globalelectricsarl.com\/wp-content\/uploads\/2025\/10\/cabalgereseau-66x66.jpg 66w, https:\/\/globalelectricsarl.com\/wp-content\/uploads\/2025\/10\/cabalgereseau-150x150.jpg 150w, https:\/\/globalelectricsarl.com\/wp-content\/uploads\/2025\/10\/cabalgereseau-200x200.jpg 200w, https:\/\/globalelectricsarl.com\/wp-content\/uploads\/2025\/10\/cabalgereseau-300x300.jpg 300w, https:\/\/globalelectricsarl.com\/wp-content\/uploads\/2025\/10\/cabalgereseau-400x400.jpg 400w, https:\/\/globalelectricsarl.com\/wp-content\/uploads\/2025\/10\/cabalgereseau-500x500.jpg 500w, https:\/\/globalelectricsarl.com\/wp-content\/uploads\/2025\/10\/cabalgereseau-600x600.jpg 600w, https:\/\/globalelectricsarl.com\/wp-content\/uploads\/2025\/10\/cabalgereseau-700x700.jpg 700w, https:\/\/globalelectricsarl.com\/wp-content\/uploads\/2025\/10\/cabalgereseau-768x768.jpg 768w, https:\/\/globalelectricsarl.com\/wp-content\/uploads\/2025\/10\/cabalgereseau-800x800.jpg 800w, https:\/\/globalelectricsarl.com\/wp-content\/uploads\/2025\/10\/cabalgereseau.jpg 1024w\" sizes=\"(max-width: 500px) 100vw, 500px\" \/>\t\t<h2 class=\"woocommerce-loop-category__title\">\n\t\t\tMat\u00e9riel de c\u00e2blage r\u00e9seau informatique <mark class=\"count\">(1)<\/mark>\t\t<\/h2>\n\t\t<div class=\"cat-description\" style=\"margin-top:8px;font-size:14px;color:#555;\">Optimisez vos infrastructures avec notre mat\u00e9riel de c\u00e2blage r\u00e9seau : c\u00e2bles Ethernet, connecteurs RJ45, baies de brassage et accessoires. Des solutions fiables pour assurer des connexions rapides, stables et professionnelles dans tous vos environnements informatiques.<\/div><\/a><\/div>\n<\/li>\n<\/ul>\n<\/div>\n<\/div><\/div><\/div><\/div><\/div><\/p>\n","protected":false},"excerpt":{"rendered":"","protected":false},"author":1,"featured_media":0,"parent":0,"menu_order":0,"comment_status":"closed","ping_status":"open","template":"100-width.php","meta":{"footnotes":""},"class_list":["post-2","page","type-page","status-publish","hentry"],"_links":{"self":[{"href":"https:\/\/globalelectricsarl.com\/index.php?rest_route=\/wp\/v2\/pages\/2","targetHints":{"allow":["GET"]}}],"collection":[{"href":"https:\/\/globalelectricsarl.com\/index.php?rest_route=\/wp\/v2\/pages"}],"about":[{"href":"https:\/\/globalelectricsarl.com\/index.php?rest_route=\/wp\/v2\/types\/page"}],"author":[{"embeddable":true,"href":"https:\/\/globalelectricsarl.com\/index.php?rest_route=\/wp\/v2\/users\/1"}],"replies":[{"embeddable":true,"href":"https:\/\/globalelectricsarl.com\/index.php?rest_route=%2Fwp%2Fv2%2Fcomments&post=2"}],"version-history":[{"count":12,"href":"https:\/\/globalelectricsarl.com\/index.php?rest_route=\/wp\/v2\/pages\/2\/revisions"}],"predecessor-version":[{"id":132,"href":"https:\/\/globalelectricsarl.com\/index.php?rest_route=\/wp\/v2\/pages\/2\/revisions\/132"}],"wp:attachment":[{"href":"https:\/\/globalelectricsarl.com\/index.php?rest_route=%2Fwp%2Fv2%2Fmedia&parent=2"}],"curies":[{"name":"wp","href":"https:\/\/api.w.org\/{rel}","templated":true}]}}